Let l(j) = 2*j - 13. What is the remainder when l(16) is divided by y(w)?
9
Suppose -4*d - 4 = 2*w + 26, 0 = 3*w - 4*d + 25. Calculate the remainder when (-7 - w)/(12/669) is divided by 28.
27
Suppose 34*n = 18 + 50. Suppose -3*o - n*r = -2*o - 19, 2*r = -5*o + 63. What is the remainder when 37 is divided by o?
4
Let j(y) = y**3 + 51*y**2 - 61*y - 268. Calculate the remainder when j(-52) is divided by 23.
16
Let z(r) = r**2 + 19*r - 9. Let p be z(-20). Let g = 51 - p. What is the remainder when 398 is divided by g?
38
Suppose z - 22 - 10 = 0. Suppose 0 = 25*j - z*j. Suppose j = -11*b + 38 + 6. What is the remainder when 37 is divided by b?
1
Let q(k) = -k**2 - 12*k + 10. Calculate the remainder when (3003/63)/(3/9) is divided by q(-7).
8
Let i be (1/(-2) - 0)*(14 + -18). Suppose 17 = 3*h + i. Suppose -h*q = -163 + 28. Calculate the remainder when q is divided by 11.
5
Suppose -19*z = 4*z - 782. Suppose 5*m = 4*m - 5. Let f = 17 + m. Calculate the remainder when z is divided by f.
10
Suppose -4*f = 2*u - 36, 8*f - 3*u = 3*f + 23. Let o be 40/(-2)*((-28)/(-10) - 2). Let w = o + 20. What is the remainder when f is divided by w?
3
Let b(a) = 3*a**3 - a**2 - a + 1. Let c(x) = -5*x**3 - 2*x**2 - 8*x + 2. Let j(p) = 2*b(p) + c(p). Calculate the remainder when j(6) is divided by 8.
0
Let x(k) = 329*k - 11795. Let j(a) = -3*a - 3. What is the remainder when x(36) is divided by j(-3)?
1
Let q = -822 - -976. Calculate the remainder when q is divided by 88.
66
Suppose 7*m - 584 = -12*m - 204. What is the remainder when 657 is divided by m?
17
Let x(o) = -o**3 + o**2 + 3*o - 24. Calculate the remainder when x(-9) is divided by 13.
5
Suppose 2*n - 6832 = -6*n. Suppose n = 5*g + 259. What is the remainder when g is divided by 25?
19
Suppose t = -0*t + 13. Let z be (-1)/(-3)*(-63)/(-28)*4. Suppose -z*m + 2*k + 154 = 0, m = 3*k + 21 + 42. What is the remainder when m is divided by t?
9
Suppose -90682 = -36*t + 9024 + 40370. Calculate the remainder when t is divided by 177.
174
Suppose 5*u - 6*u + 62 = 2*b, 0 = -5*u - 2*b + 294. Calculate the remainder when 203 is divided by u.
29
Suppose 4*m - 3*u - 1273 = 255, u = 0. Calculate the remainder when m is divided by 190.
2
What is the remainder when 1848 is divided by (4/6)/(330/12375)?
23
Let m = -421 - -376. Let s = 112 - m. Calculate the remainder when s is divided by 33.
25
Suppose 1300 = 20*i - 2680. Calculate the remainder when i is divided by 131.
68
Let o(n) = 4*n + 21. Let y be o(-4). Suppose -5*r = -3*l + 18, 0*r - r = -y*l + 30. Calculate the remainder when 92 is divided by l.
2
Suppose 93*d - 7235 = -9*d + 9697. What is the remainder when d is divided by 3300/84 + (-4)/14?
10
Suppose -166*t - 80 + 3400 = 0. Calculate the remainder when 152 is divided by t.
12
Suppose -131 = 131*v - 133*v - y, y - 257 = -4*v. Calculate the remainder when 99 is divided by v.
36
Suppose 28*i - 3121 = 660 - 897. Calculate the remainder when 718 is divided by i.
100
Let y be (-1)/3*81/(-9). Suppose -4*q + y*k + 53 = 0, -q = q - 4*k - 34. Calculate the remainder when 52 is divided by q.
8
Let a be (-6)/14 + 680586/42. Let x be a/(-54)*-3 + (-6)/27. Suppose s = -3*s + x. Calculate the remainder when s is divided by 19.
16
Let z(s) = 2*s**3 + 48*s**2 + 38*s - 161. Let t = -9 + 17. What is the remainder when z(-23) is divided by t?
7
Suppose -71*r + 69*r + 146 = 0. Suppose 5*n - 2*a - r = -2, n = 4*a + 25. Calculate the remainder when 466 is divided by n.
11
Suppose 2*q + 3*h = 1722, -q - h = -49 - 813. Calculate the remainder when q is divided by 34.
14
Let n(o) = o + 1 - o + 5 - 2*o. Let v be n(-5). Suppose 2*i = 4 + v. What is the remainder when 35 is divided by i?
5
Calculate the remainder when 3 + 1 + 193 + 12 is divided by 61.
26
Suppose 0 = 246*b - 49*b - 139279. What is the remainder when b is divided by 10?
7
Let z = -1541 - -1634. What is the remainder when z is divided by 39?
15
Calculate the remainder when 119 is divided by ((-1035)/(-120))/(-69) + 489/8.
58
Suppose -15 = -3*r - 0*r. Suppose 0 = -5*p + r, -213 = -4*y - y - 3*p. What is the remainder when y is divided by 14?
0
Let q(v) = -7*v + 103. Let b = -109 - -45. Let z = -25 - b. What is the remainder when q(4) is divided by z?
36
Suppose 105 = -g + 256. Suppose 9*p = 7*p - 2*y + 48, -4*p + 5*y + 114 = 0. Calculate the remainder when g is divided by p.
21
Suppose 0 = -3*r - 2*m + 6*m - 10, -3*r = m + 35. What is the remainder when 257 is divided by r/12*(-8 - -2)?
2
Let z = -117 + 119. Suppose 2*m = p + 5 + z, -p = -5*m + 25. What is the remainder when 21 is divided by m?
3
Let p(o) = 14*o**2 + 13*o - 17*o**2 + 375 - 411 + 4*o**2. Let a(g) = g**3 + 3*g**2 + g + 3. Let w be a(-4). Calculate the remainder when 92 is divided by p(w).
28
Suppose 40*d - 1422168 = -197*d - 27*d. What is the remainder when d is divided by 58?
51
Suppose -3*o + 11*o = -96. Let s = o - -38. Let x = 88 - 40. Calculate the remainder when x is divided by s.
22
Let i(y) = -2*y**3 - 7*y**2 - 4*y - 17. Let w be i(-4). Suppose w*c + 2*c = 833. What is the remainder when c is divided by 17?
15
Let y = -2783 + 2831. Suppose -z + 68 = l - 213, -855 = -3*z + 3*l. Calculate the remainder when z is divided by y.
43
Suppose -86232 = -257*c + 39441. What is the remainder when c is divided by 46?
29
Let z(c) = c**3 + 8*c**2 - 15*c - 22. Let o be z(-9). Suppose -o*d + 31*d + 163 = 0. What is the remainder when d is divided by 21?
16
Suppose u + 45 = 165. Suppose h = -3*h + u. What is the remainder when 24/15*h/3 is divided by 6?
4
Let a be (14 - 6) + (1 - 3). Suppose a*b - b = 25. Suppose -3*n = n - 20. Calculate the remainder when b is divided by n.
0
Suppose -2*n + 4*i = 8*i - 18, -2*i = -5*n - 3. Suppose 4 = p + p. Suppose -p*s + 9 = s. What is the remainder when s is divided by n?
0
Suppose -5*a = o - 5, 0 = -6*a + 11*a + 4*o + 10. Calculate the remainder when a*(5*1 + 510/20) is divided by 11.
6
Let z(u) = u**3 - 2*u**2 - u + 71. Let r(m) = -m**2 - 2*m + 63. Let s be r(7). What is the remainder when z(s) is divided by 42?
29
Let y be (-9)/15 - (2 + 279/(-15)). Suppose -151 + y = -5*g. Calculate the remainder when g is divided by 16.
11
Let q(g) = -57*g + 22. Let x be q(9). Let v = x - -792. What is the remainder when v is divided by 38?
35
Suppose 3*u - 18 = -3*c, 3*c + u = -0*u + 18. Let s(q) = -q**3 + 10*q**2 - 11*q - 12. Calculate the remainder when s(c) is divided by 12.
6
Calculate the remainder when 6005 is divided by (-1)/((-14)/(196 - 14)).
12
Let z(o) = 167*o + 2371. What is the remainder when 103 is divided by z(-14)?
4
Suppose -5*f - 4*v - 19 = -54, 0 = -5*f - 3*v + 30. Let w(r) = 42*r + 24. Calculate the remainder when w(f) is divided by 8.
6
Suppose 4*g = -4*b + g - 292, 232 = -3*b + g. What is the remainder when 112 is divided by ((-361)/b)/(15/12 - 1)?
17
Let c(s) = -3*s**2 + 30 + 0*s**3 - 2*s**3 - 3*s**2 + 12*s. Suppose 8*u = 13*u - w + 20, -2*w = -3*u - 5. What is the remainder when c(u) is divided by 21?
7
Let p(u) = -21*u + 1. Let c = 621 + -358. Suppose -11*j - c = -1198. Calculate the remainder when j is divided by p(-1).
19
Suppose r + 184 = 5*r. What is the remainder when r is divided by 5 + ((-22)/4 + -2)/(80/(-96))?
4
Let j be (-2)/5 - (37872/(-10))/8. Suppose 0 = 6*v - j + 143. What is the remainder when v is divided by 19?
17
Let t(p) = 55 - 1864*p + 128 + 1868*p. What is the remainder when 42 is divided by t(-42)?
12
Suppose 0 = -2*v - 5*f + 22, 0*v + 5*f + 11 = v. What is the remainder when 292 is divided by v?
6
Let i(d) = d**2 - 2*d + 16. Let m(h) = h + 10. Let r be m(-10). Let z be i(r). Calculate the remainder when -3*(3 + z/(-6))*-15 is divided by 9.
6
Suppose 0 = 15*f + 20*f - 105. Suppose 366 - 54 = f*x. Calculate the remainder when x is divided by 15.
14
Let c = 17 - 7. Let u be (-1 - -2)*2*33/6. What is the remainder when ((-2156)/u)/(-2 + 0) is divided by c?
8
Suppose 1056 = 3*s + 2*h, s - 2*h - 154 = 182. What is the remainder when s is divided by 92?
72
Suppose 6*b - b = 150. Let u = -9662 + 10110. What is the remainder when u is divided by b?
28
Suppose f + 3 - 73 = 0. Let n(z) = -z**2 - 23*z - 90. Let h be n(-28). Let c = 254 + h. What is the remainder when f is divided by c?
22
Let m be 2*-20*4/(-16). Calculate the remainder when (3 + (-38)/m)/((-9)/